{"id":126,"date":"2020-05-09T14:33:56","date_gmt":"2020-05-09T14:33:56","guid":{"rendered":"http:\/\/magicofbooks.blog\/?page_id=126"},"modified":"2021-03-24T22:22:48","modified_gmt":"2021-03-24T22:22:48","slug":"ueber-mich","status":"publish","type":"page","link":"https:\/\/magicofbooks.blog\/?page_id=126","title":{"rendered":"\u00dcber mich"},"content":{"rendered":"\n<figure class=\"wp-block-image size-large\"><img loading=\"lazy\" width=\"720\" height=\"480\" src=\"https:\/\/magicofbooks.blog\/wp-content\/uploads\/2020\/05\/d73a15b6-f246-4f4d-8db1-2b3c7ec46b23.jpg\" alt=\"\" class=\"wp-image-23\" srcset=\"https:\/\/magicofbooks.blog\/wp-content\/uploads\/2020\/05\/d73a15b6-f246-4f4d-8db1-2b3c7ec46b23.jpg 720w, https:\/\/magicofbooks.blog\/wp-content\/uploads\/2020\/05\/d73a15b6-f246-4f4d-8db1-2b3c7ec46b23-300x200.jpg 300w\" sizes=\"(max-width: 720px) 100vw, 720px\" \/><\/figure>\n\n\n\n<p>Mein Name ist Celina J. Ich betreibe diesen Blog hier. <\/p>\n\n\n\n<p>Schon seit vielen Jahren liebe ich es zu lesen. Dann vor einiger Zeit, hat mich auch die Leidenschaft zum Schreiben gepackt. Inzwischen bezeichne ich mich als &#8222;Hobbyautorin.&#8220; Ein Buch von mir wurde jedoch noch nicht verlegt. Aber was nicht da ist, kommt vielleicht noch. Es w\u00e4re ein Traum wenn es verlegt werden w\u00fcrde.<\/p>\n\n\n\n<p>Hier habe ich mal einen kleinen Steckbrief f\u00fcr euch \u00fcber mich.<\/p>\n\n\n\n<p>Name: Celina<\/p>\n\n\n\n<p>Alter: 17<\/p>\n\n\n\n<p>Wohnort: Deutschland<\/p>\n\n\n\n<p>Hobbys: Lesen, schreiben, tanzen und viel reisen<\/p>\n\n\n\n<p>Ja ihr habt richtig geh\u00f6rt. Obwohl ich erst 17. Jahre alt bin, reise ich sehr gerne. Mein gr\u00f6\u00dfter Traum ist es sogar die Welt zu bereisen und einen Roadtripp durch Amerika zu machen. Zudem m\u00f6chte ich definitiv Karriere machen. <\/p>\n\n\n\n<p>In ein paar L\u00e4ndern war ich auch schon. Zum Beispiel war ich 2017 \u00fcber Weihnachten in New York, oder 2019 im November in Las Vegas und dann auch einen Tag in Los Angeles. Ich war auch schon auf vielen Inseln und in Paris, sowie Berlin auch. <\/p>\n\n\n\n<p>Reisen ist einfach ein unglaubliches Gef\u00fchl.<\/p>\n\n\n\n<p>Aber dies ist ja kein Reiseblog, sondern ein Buchblog. <\/p>\n\n\n\n<p>Ich glaube ich habe so vor 4 &#8211; 5 Jahren angefangen so richtig viel zu lesen. Aber gelesen habe ich schon immer gerne. Fr\u00fcher war es nur nicht so viel. <\/p>\n\n\n\n<p>Meine gr\u00f6\u00dfte Genre-Liebe geh\u00f6rt dem Genre Romantasy. Ich liebe Fantasy und ich bin eine hoffnungslose Romantikerin. Also kein Wunder das eine Mischung perfekt f\u00fcr mich ist. Seit neuestem lese ich aber auch gerne New Adult. Besonders die Again reihe hates mir angetan. Bisher liebe ich ja Kaden. Kaden ist definitiv mein Book Boyfriend. <\/p>\n\n\n\n<p>Nun ja das wars erstmal \u00fcber mich. Ich w\u00fcnsche euch noch viel Spa\u00df auf meinem Blog.<\/p>\n\n\n\n<hr class=\"wp-block-separator\"\/>\n\n\n\n<p>E-Mail: Celina@m-tec-online.de<\/p>\n","protected":false},"excerpt":{"rendered":"<p>Mein Name ist Celina J. Ich betreibe diesen Blog hier. Schon seit vielen Jahren liebe ich es zu lesen. Dann vor einiger Zeit, hat mich auch die Leidenschaft zum Schreiben gepackt. Inzwischen bezeichne ich mich als &#8222;Hobbyautorin.&#8220; Ein Buch von mir wurde jedoch noch nicht verlegt. Aber was nicht da ist, kommt vielleicht noch. Es &hellip; <\/p>\n","protected":false},"author":1,"featured_media":328,"parent":0,"menu_order":0,"comment_status":"closed","ping_status":"closed","template":"","meta":{"spay_email":""},"_links":{"self":[{"href":"https:\/\/magicofbooks.blog\/index.php?rest_route=\/wp\/v2\/pages\/126"}],"collection":[{"href":"https:\/\/magicofbooks.blog\/index.php?rest_route=\/wp\/v2\/pages"}],"about":[{"href":"https:\/\/magicofbooks.blog\/index.php?rest_route=\/wp\/v2\/types\/page"}],"author":[{"embeddable":true,"href":"https:\/\/magicofbooks.blog\/index.php?rest_route=\/wp\/v2\/users\/1"}],"replies":[{"embeddable":true,"href":"https:\/\/magicofbooks.blog\/index.php?rest_route=%2Fwp%2Fv2%2Fcomments&post=126"}],"version-history":[{"count":3,"href":"https:\/\/magicofbooks.blog\/index.php?rest_route=\/wp\/v2\/pages\/126\/revisions"}],"predecessor-version":[{"id":246,"href":"https:\/\/magicofbooks.blog\/index.php?rest_route=\/wp\/v2\/pages\/126\/revisions\/246"}],"wp:featuredmedia":[{"embeddable":true,"href":"https:\/\/magicofbooks.blog\/index.php?rest_route=\/wp\/v2\/media\/328"}],"wp:attachment":[{"href":"https:\/\/magicofbooks.blog\/index.php?rest_route=%2Fwp%2Fv2%2Fmedia&parent=126"}],"curies":[{"name":"wp","href":"https:\/\/api.w.org\/{rel}","templated":true}]}}